3. Let t be k(-4). Calculate the greatest common factor of 117 and t.
9
Suppose -101 = -4*b - u, -4*b - 376 = -5*u - 495. Calculate the greatest common divisor of 1014 and b.
26
Let g(i) = -11*i + 1. Let j(b) = -b**3 + 2*b**2 + 3*b - 1. Let w be j(3). Let z be g(w). Let h = 82 - -2. Calculate the highest common divisor of z and h.
12
Let d(l) = l - 60. Let x be d(0). Let p = 141 + x. Let a = p - -15. What is the highest common factor of a and 12?
12
Let b(d) = 15*d + 192. Let g be b(-12). Calculate the highest common divisor of g and 15.
3
Let o be -2*(-3)/(30/(-35)). Let r(v) = 2*v + 33. Let x be r(o). What is the greatest common factor of 152 and x?
19
Suppose 6*x = 2*x + 80. Let o(l) = -l**2 - 13*l - 27. Let s be o(-10). Let g be 6/s - 40/(-5). Calculate the highest common factor of g and x.
10
Let n(y) = -5*y**3 + y**2 + 31*y + 93. Let j be n(-3). Calculate the highest common factor of 54 and j.
18
Suppose -186*x + 195*x - 450 = 0. Calculate the highest common factor of 650 and x.
50
Let y = 34 - 25. Let q be (144/28)/(10/245). Suppose -9*z + q = -2*z. What is the greatest common factor of z and y?
9
Let x = 4312 - 4281. Suppose 671 + 98 = 5*z - 3*p, -5*z + 777 = p. What is the highest common divisor of z and x?
31
Let j be 71 - (-5)/(20/(-28)). Calculate the highest common factor of 512 and j.
64
Suppose 2*s + 0*z - 3*z - 7 = 0, -z = -s + 3. Let n = s - -2. Let q = n - -23. What is the greatest common divisor of 18 and q?
9
Let g be ((-2)/3)/((-142)/5751). Let c be 6*(14/4 + -3). What is the highest common factor of g and c?
3
Let i = 452 + -414. Calculate the highest common divisor of i and 95.
19
Let n be 2/(-6) - 7146/27. Let r be n/(-15) - 3/(-9). What is the highest common factor of r and 126?
18
Let g = -41 - -48. Suppose -g*s = 2*s - 108. What is the highest common factor of 18 and s?
6
Let n be (-3)/6*0/(-1). Suppose 9*p - 4*p - 25 = n. Suppose 92 = p*f + w, 5*f - 4*w - 107 = -0*w. Calculate the greatest common divisor of 38 and f.
19
Let r = -1247 - -1940. Calculate the greatest common factor of 63 and r.
63
Let l(v) = 8*v - 161. Let q be l(37). Calculate the highest common factor of 15 and q.
15
Suppose -138*z - 42 = -140*z. What is the greatest common divisor of z and 119?
7
Let j = -543 + 548. Calculate the greatest common factor of j and 125.
5
Suppose -10*j + 474 = -1566. What is the highest common factor of j and 36?
12
Suppose -1546 = 40*n - 7786. What is the greatest common factor of n and 12?
12
Suppose 1530*b = 1550*b - 640. Calculate the greatest common divisor of 1424 and b.
16
Let m(f) = -2*f**3 + f**2 + 7*f + 6. Let q be m(-2). What is the highest common divisor of q and 174?
6
Suppose 0 = -4*y - 13 - 43. Let g = 34 - y. Let k = -24 + 36. Calculate the greatest common factor of g and k.
12
Suppose 3*a - 2*v = 100, -a = v - 27 - 3. Let p = -22 + a. What is the greatest common divisor of 1 and p?
1
Let c be ((-56)/(-18))/(106/477). Let u be 2/(-9) + (-40)/(-18). Let o be u*-7*14/(-2). Calculate the highest common divisor of o and c.
14
Let t be 20/(400/45)*4. Let h(d) = d**3 - 9*d**2 + 8*d + 3. Let z be h(8). Calculate the greatest common factor of z and t.
3
Suppose 18*q + 8*q = 312. Calculate the highest common factor of q and 1536.
12
Let c be 22/209 - 4936/(-38). Calculate the greatest common divisor of 104 and c.
26
Suppose 5*d - x - 4*x - 25 = 0, 3*d - 2*x = 19. Let l = d + -12. Let y(r) = -4*r + 1. Let z be y(l). Calculate the highest common divisor of z and 117.
13
Let f = 4 + 16. Let h = 136 - 126. Suppose h*m = 309 + 191. What is the greatest common factor of f and m?
10
Let p(l) = -l. Let o = 2 + -8. Let n be p(o). Suppose 36 + 114 = 5*c. What is the highest common divisor of c and n?
6
Suppose -1077 = -2*r - h, -2*r + 1057 = -0*r - 3*h. Calculate the greatest common factor of 67 and r.
67
Let r(x) = -10*x + 148. Let v be r(14). Suppose -14 = -4*m + 34. What is the greatest common divisor of v and m?
4
Suppose 0 = -0*f - 2*f + 3*u + 163, f - u = 81. Let w = 94 - f. Calculate the highest common factor of w and 126.
14
Let w(q) be the first derivative of 3*q**2/2 + q - 2. Let d be w(-3). Let b be (d/(-6))/((-5)/(-480)). What is the greatest common divisor of 16 and b?
16
Let j(f) = f**2 - 46*f + 365. Let y be j(49). What is the greatest common divisor of y and 4?
4
Let o = 379 - 255. Suppose 0 = -3*x - x + o. What is the greatest common factor of 31 and x?
31
Suppose 80*n = 77*n, 0 = -3*s + n + 540. Calculate the highest common divisor of s and 72.
36
Let g be (8/(-12))/(2/9). Suppose 0*b + 2*b - 34 = 0. Let x = g + b. Calculate the greatest common divisor of 35 and x.
7
Let q be (102/4)/((-30)/(-60)). Calculate the greatest common factor of 272 and q.
17
Suppose 25 = -5*l, 2*w + 20 = -5*l + 127. Suppose 0 = -7*c - w + 388. What is the greatest common divisor of 69 and c?
23
Let j be (-4)/(-10)*510/12. Let p = 11 - 7. Let d(t) = 2*t**2 - 5*t + 5. Let a be d(p). What is the highest common divisor of a and j?
17
Suppose j - 181 = 5*s, 3*j - 323 - 233 = 2*s. What is the greatest common factor of j and 310?
62
Let s(o) = o**2 + 16*o + 31. Let f be s(-15). Let z = 94 - f. What is the highest common factor of z and 26?
26
Let r(t) = 2*t - 6. Let i be r(6). Suppose 2*v + 0 = 4. Suppose 120 = v*y + 2*y. What is the greatest common divisor of i and y?
6
Suppose l + l - 3*q + 57 = 0, 2*q + 6 = 0. Let x be 1373/11 + (-6)/l. Calculate the highest common divisor of 25 and x.
25
Let k be (-1)/(-2)*(26 - -8). Let o = -15 + k. Suppose -o*j + 18 = h + 2*j, -3*j + 12 = 0. Calculate the highest common factor of h and 6.
2
Let p be 99/(-66)*(-5 + 1). Calculate the highest common divisor of 438 and p.
6
Let p(c) = -5*c + 120. Let i be p(15). Calculate the greatest common factor of 54 and i.
9
Let n be 20/4*16/20. Suppose -4*b - c = 0, 4 = -n*b - 2*c - 0. What is the highest common divisor of b and 9?
1
Let h(a) = 3*a**2 + 3*a - 1. Let r be h(5). Suppose -r - 81 = -10*q. Calculate the greatest common factor of q and 102.
17
Let u(g) = -g**3 - 8*g**2 - 7*g + 2. Let j be u(-7). Suppose 48 = 2*c + j*c. Let f be -36*(-20)/c*1. Calculate the greatest common factor of 12 and f.
12
Let c be -78*2/(-4)*-1. Let f = -38 - c. Calculate the highest common divisor of f and 7.
1
Suppose 4*w = 2*l + 9 + 5, -5*w = 4*l - 37. What is the highest common factor of 9 and l?
3
Suppose -251 = -8*d - 147. Calculate the highest common divisor of d and 52.
13
Let z = 71 + 265. Calculate the highest common divisor of 48 and z.
48
Let h(w) = -2*w**2 + 14*w + 21. Let a be h(7). What is the highest common divisor of a and 56?
7
Suppose -t - 66 = -s + 306, 5*s - 1848 = -t. What is the greatest common divisor of 10 and s?
10
Suppose 0*h = 4*h + 4. Let c(o) = 5*o**2 - 1. Let p be c(h). Suppose 4*f + 3*n - 87 = 0, -p*n = -f - 2*f + 84. Calculate the highest common factor of f and 216.
24
Let u = 3 + 5. Suppose -r - u = -3*r. Suppose o - 90 = -r*o. Calculate the greatest common divisor of o and 36.
18
Let i(p) = -p**3 + 12*p**2 + 5*p + 8. Let q be i(11). Let s(v) = 11*v + 1. Let u be s(2). Calculate the highest common factor of q and u.
23
Suppose 5*h + 19 = -11. Let v be 35*(90/(-25))/h. Let y = 189 + 0. Calculate the greatest common divisor of v and y.
21
Let m be 26 + 1 + (-4 - -2). Suppose 3*h - m = 131. Calculate the greatest common factor of h and 13.
13
Let b(p) = -p**2 + 6*p + 25. Let y be b(6). What is the greatest common divisor of y and 175?
25
Let n be 4/(-18) - 6/((-378)/4739). What is the highest common divisor of n and 525?
75
Let k = 19 + -9. Let l(g) = -g**2 + 14*g - 11. Let z be l(11). Suppose m = -3*v - 0*v + z, 2*m - 3*v = 8. What is the highest common factor of m and k?
10
Suppose -5*h = -h + 3*x - 23, -5*h + 3*x = -22. Suppose 0 = h*n - 6*n + 8. What is the highest common factor of n and 1?
1
Let l be (1 - 25)/(9/(-6)). Let s be 8*(24 + (-48)/(5 + 3)). What is the highest common divisor of l and s?
16
Suppose 0 = -2*b - y + 33 + 10, 0 = -2*b + 4*y + 68. What is the highest common factor of b and 90?
6
Suppose -3*o + 2*r + 302 = -144, -r = -5. Calculate the greatest common divisor of o and 190.
38
Suppose 52*t = 24*t + 2240. Calculate the highest common divisor of 15 and t.
5
Suppose 3*b - 3*i - 10 = 26, -2*b - i = -36. Calculate the great